e v(x). What is the greatest common factor of 44 and z?
11
Let i = 28 - 19. Let x be (2/10)/(6/30). What is the greatest common divisor of x and i?
1
Let y = -2 - -7. Suppose 2*j = y*j - 6. Let c = -1 - -3. Calculate the highest common factor of c and j.
2
Suppose -38 = 4*u + 282. Let z be 7/(14/u)*-1. Suppose -5*k + 6 = -5*l + 56, -5*l - k = -20. What is the highest common divisor of z and l?
5
Let c = 25 - -8. Let z(g) = g**2 - 4*g + 2 - 1 + 0. Let l be z(7). What is the highest common factor of l and c?
11
Suppose 3*z - 9 = 0, 2*f - 3*z + 5*z = 0. Let b(h) = -h + 3. Let a be b(f). Let u = a - -8. What is the highest common factor of 42 and u?
14
Let k(i) be the second derivative of i**3/3 - 7*i**2/2 - i. Let j be k(7). Let d(q) = 19*q + 1. Let a be d(4). What is the greatest common divisor of j and a?
7
Suppose 0 = -4*w - 12*w + 224. What is the highest common divisor of 6 and w?
2
Let o be (-2)/6 + 366/18. What is the highest common factor of 220 and o?
20
Suppose -5*u + 0*y + 5*y = 0, 4*y - 25 = -u. Suppose -4*r = -4 - 4. What is the greatest common factor of r and u?
1
Suppose -j = 2*j - 6. Suppose v - 5*p + 3*p = -60, j*v - 2*p = -124. Let d = v - -155. What is the highest common factor of 13 and d?
13
Suppose -4*p = 5*h - 166, -4*h = -0*h - 2*p - 112. Calculate the greatest common factor of h and 12.
6
Suppose -5*s + 19 = -21. Let k be 181/4 + (-2)/s. Let z(b) = b + 3. Let i be z(6). What is the greatest common factor of i and k?
9
Suppose -3*a + 3 = 6. Let p be (-18)/(-1 - a/(-2)). Let u = 122 - 74. Calculate the greatest common divisor of u and p.
12
Let o be (-21)/(6/(-2)) - -2. Suppose -3*k + 3*x = -198, k - 183 = -2*k - 2*x. Calculate the greatest common divisor of o and k.
9
Suppose -12*l + 8*l = -40. What is the greatest common divisor of l and 110?
10
Let g(p) be the third derivative of -p**4/12 + 8*p**3/3 + 3*p**2. Let n be g(7). What is the greatest common factor of n and 4?
2
Suppose 0*w + 5*w + 2*h - 20 = 0, 0 = -2*w + h + 17. Let o be (-6)/4*(-4)/w. Suppose o = 2*l - 3. What is the highest common divisor of l and 5?
1
Let q be 2/(-7) - 1852/(-14). Let y be 2 + -4 - (-5 - 9). What is the highest common factor of y and q?
12
Let x be 2/3*6/(-4). Let c be x/(2 - (-33)/(-15)). Let n = 7 - c. What is the highest common factor of n and 4?
2
Let p(w) = w**3 + 5 - 2*w**2 - 2*w + 10 + 3*w + 4. Let u be p(0). Calculate the greatest common factor of u and 38.
19
Suppose -3*o = -5*y + 317, 3*o - 4*o = y - 65. Calculate the highest common divisor of y and 2.
2
Let p = 114 - 190. Let w be p/(-6)*9/6. Calculate the highest common divisor of w and 171.
19
Let u be (1/2)/((-2)/(-24)). Suppose 2*r = -z + u*r + 85, 389 = 5*z - 2*r. What is the greatest common factor of z and 11?
11
Let g = -60 - -102. Let l be (-2)/(-7) - (-3012)/g. Calculate the greatest common divisor of 9 and l.
9
Suppose -6*n = 19 - 115. What is the greatest common divisor of 12 and n?
4
Suppose -17 = -2*j - b, b - 27 = -3*j - 0*b. Let u be (21/35)/(1/j). Let r(f) = -f**2 - 6*f - 5. Let p be r(-4). What is the greatest common divisor of p and u?
3
Suppose a = -0*a - 7. Let i = 18 + a. Suppose 3*q - 5*b = 70, i = 2*b + 3. What is the highest common factor of 12 and q?
6
Suppose 4*c + l - 53 - 52 = 0, c + 4*l = 45. What is the highest common divisor of c and 25?
25
Suppose 13*s + 62 = 348. Calculate the highest common divisor of s and 55.
11
Let g be 435/39 + 6/(-39). Calculate the highest common factor of g and 88.
11
Suppose 4*y - x = 5, 3*x + x = 5*y - 20. Let s be (900/(-35))/(1/(-7)). Suppose -3*z - 2*z + s = y. Calculate the highest common divisor of 9 and z.
9
Suppose 0 = -f - 0*f - 1668. Let c be ((-2)/3)/(4/f). Let m = c - 179. What is the highest common divisor of m and 9?
9
Suppose -2*l = l - 36. Let f(z) = 7*z + 6. Let t be f(l). What is the greatest common factor of t and 36?
18
Let r(s) = 3*s. Let b be r(8). Let v = 57 - b. What is the highest common factor of v and 3?
3
Let b(v) = 4*v + 0*v + 5*v + 6 - v. Let y be b(8). Calculate the greatest common divisor of 10 and y.
10
Suppose -3*m + 49 = -20. Let d = m - 14. Suppose -98 = -4*x + 2*a, 0 = 5*x - a - 5 - 125. What is the greatest common divisor of d and x?
9
Suppose m = 5*a + 29, 4*m - a - 26 = a. Calculate the greatest common factor of m and 16.
4
Let w be (-8)/20 + 7/(-10)*-12. Let x(j) = -73*j**3 + j. Let i be x(-1). What is the highest common factor of i and w?
8
Suppose 0 = 5*b + 36 - 121. What is the highest common factor of b and 102?
17
Suppose -s = -0*u - 4*u - 195, 5*u = 0. Suppose -2*c + s = c. Calculate the greatest common factor of c and 26.
13
Suppose 0 = 4*y - y - 9. Suppose -y*x + x = 0. Suppose -2*n + 11 + 17 = x. What is the greatest common factor of 14 and n?
14
Let r(k) = 18*k**2 - 5*k - 16. Let b be r(-3). Calculate the greatest common factor of b and 23.
23
Suppose -c + 98 = -507. Suppose 2*p = -2*p - 5*q - 466, -5*q + c = -5*p. Let x = p + 191. Calculate the highest common factor of 18 and x.
18
Suppose -4 = -4*r - 0. Let g be 1/((2/r)/36). Calculate the greatest common divisor of 144 and g.
18
Suppose -3*q + 34 = 2*l, 0*q - 76 = -4*q + 5*l. What is the highest common factor of 42 and q?
14
Let r(f) = 58*f - 12. Let h be r(4). Calculate the greatest common divisor of 20 and h.
20
Let l be (-8)/(-4) + (-44)/(-2). Calculate the greatest common divisor of 12 and l.
12
Suppose -3*w - 36 = -9*w. What is the greatest common divisor of w and 162?
6
Let v be (-244)/3*30/(-20). Let q = v + -64. What is the greatest common divisor of 145 and q?
29
Suppose 3*n + 4 = -5, -5*g = -4*n - 107. Calculate the greatest common factor of 171 and g.
19
Suppose -5*m + 4*z + 136 = 0, -2*z - 143 = -3*m - 61. Calculate the greatest common divisor of 224 and m.
28
Suppose 7 + 5 = 2*q. Let b = -10 - -16. Let f be (1 + 2)*b*3. Calculate the highest common divisor of q and f.
6
Let c be ((-1216)/(-24))/(2/6). What is the greatest common divisor of c and 19?
19
Let d be 2/(-2) - (-7 - -1). Let p be 1/(-3)*(-19)/(95/375). Calculate the greatest common divisor of d and p.
5
Suppose -z + 5*c + 7 = 0, -2*c = 3*z + 3*c - 1. Calculate the greatest common divisor of 6 and z.
2
Suppose 2*m = -2*s - 10, 2*m = s + 1 - 2. Let z be -1*(3 + m - -8). Let n = z + 14. Calculate the greatest common divisor of n and 40.
5
Let g(t) = -t**3 - 4*t**2 + t. Let b be g(-4). Let z be (b/(-6))/((-4)/(-420)). Calculate the greatest common factor of z and 14.
14
Let b = -14 - 13. Let c = -16 - b. What is the greatest common divisor of 1 and c?
1
Let g(f) = 260*f. Let i(o) = 29*o. Let l(y) = 4*g(y) - 35*i(y). Let x = -1 - -3. Let a be l(x). What is the highest common factor of 20 and a?
10
Let g = -4 + 7. What is the greatest common divisor of g and 3?
3
Let q(u) = u + 12. Let h be q(3). What is the highest common factor of h and 240?
15
Suppose 0 = z - 0*z - 40. Calculate the highest common divisor of 8 and z.
8
Let j be 20/(-6) - (-14)/(-21). Let d = j + 6. Let r be 10/d + -2 + 60. Calculate the greatest common divisor of r and 7.
7
Suppose 5*y + 205 = 45. Let w = 80 - 138. Let h = y - w. What is the highest common factor of h and 13?
13
Suppose 586 = -2*m + 4*m. Suppose -163 = -4*i + m. Suppose 2*t = 5*t - i. What is the greatest common divisor of 95 and t?
19
Let c(a) be the first derivative of 2*a**3 - a**2/2 + 3. Let f be c(-4). Suppose -f = -l - 4*l. Calculate the greatest common factor of 8 and l.
4
Let b(s) = s**3 - 2*s**2 - 6*s + 1. Let q be b(4). Calculate the highest common factor of q and 90.
9
Let q = -5 + 5. Suppose -i + 2*i - 3 = q. Let v(g) = 10*g - 2. Let a be v(2). Calculate the greatest common factor of i and a.
3
Suppose h = 5*h - 124. Let m = h - 19. Calculate the greatest common factor of 6 and m.
6
Let c(i) = -15*i. Let v be c(-2). Suppose 0*r = -3*r + 363. Let x = -76 + r. What is the greatest common factor of x and v?
15
Let w be (-36)/(-16)*(-8)/3. Let t(k) = k**3 + 8*k**2 + 11*k + 9. Let o be t(w). What is the greatest common divisor of o and 60?
15
Let v = 11 + 5. Suppose 5*p - 24 = 4*r, 4*r = -4*p - 1 + 49. Calculate the greatest common factor of v and p.
8
Let m = 62 - 35. What is the highest common divisor of m and 9?
9
Suppose -4*j = 3*s - 2*s - 59, -3*s = -4*j + 47. Suppose 3*x = -2*f + 28, f - j = -7*x 